9/6*u**3 + 5/12*u**4. Is g(15) a composite number?
False
Let i be (1 + -1 + 0)/1. Suppose 2*j - 5*y - 12271 = 0, 5*j + 0*j - 3*y - 30706 = i. Is j prime?
True
Let d = -335310 + 512519. Is d a prime number?
True
Let s(a) = 8*a**2 - 16*a + 15. Suppose -v = -11*k + 7*k + 41, 5*v + k + 142 = 0. Is s(v) a composite number?
False
Let k = 60 - 46. Suppose 0 = 17*i - k*i - 18. Suppose -4*m - 1846 = i*d - 9*d, -m - 615 = -d. Is d a composite number?
True
Suppose 0*d - 5*y = 5*d - 10, 0 = -3*y - 3. Suppose -s = d*s - 5*b - 2955, 0 = 4*s + 4*b - 3000. Suppose 10*g - s = 5*g. Is g prime?
True
Let c = 12 + -8. Suppose 0*i + c*i = -z + 20, -4*i = 4*z - 20. Suppose z = y - 860 - 2549. Is y prime?
False
Let s = 748125 + -145990. Is s a prime number?
False
Let j be (5*(-1)/(-2) - 2)*3660. Suppose 5*k = j - 45. Suppose -k - 275 = -8*z. Is z prime?
True
Suppose -9*o - 7*o = -186720. Let i = -4555 + o. Is i a prime number?
False
Suppose -2*v = n - 8857 - 7035, -5*n + 2*v = -79472. Is n/4 - 19/38 a composite number?
True
Suppose -7*m - 578531 - 109095 = -4*r, 3*r = m + 515745. Is r a prime number?
True
Let z be (-2 + (-3)/6)*2. Let j(c) = c**2 + 4*c - 13. Let o be j(z). Is (2/(-4))/(o/624) a prime number?
False
Let j(u) = -37*u - 2. Suppose -50 = 16*m + 94. Is j(m) a composite number?
False
Suppose -f - 4*f = 1050. Let l = -1063 - -546. Let g = f - l. Is g a prime number?
True
Let w be (18/(-27))/(6/(-81)). Let i = w - 8. Is (i + -3)*(-4804)/8 a prime number?
True
Suppose -a + 7*a = 12. Suppose -5*y - 1 = -4*r, 3*y + 4*r + 5 = a*r. Let j(v) = -2962*v**3 - 4*v - 3. Is j(y) prime?
True
Let o(w) = 6*w + 159. Let d be o(-22). Suppose d*k = 8430 + 48297. Is k composite?
True
Suppose -136 = -40*l + 64. Suppose w + 14*u - 3116 = 11*u, 2*w = -l*u + 6229. Is w a prime number?
False
Suppose -1357 = 13*z - 525. Let n = z - -65. Is -1059*(30/18 + (-1 - n)) composite?
False
Let h(a) = 127*a + 3371. Is h(41) a prime number?
False
Suppose 0 = -4*x + 413814 - 87166. Suppose 38*i - 24*i - x = 0. Is i composite?
True
Is 2254692/13 + (-340)/(-13) + -26 a prime number?
False
Let q(g) = 53*g**2 + 196*g - 243. Is q(-34) a composite number?
False
Let m(i) = -i**3 + 76*i**2 - 98*i + 657. Is m(62) a composite number?
False
Let u(g) = 2*g**2 + 19*g + 74291. Is u(0) a prime number?
False
Suppose -203*m + 32545530 = 67*m. Is m prime?
True
Suppose -3*k - 2*f + 102051 = 0, f = 13*k - 12*k - 34022. Is k a composite number?
False
Let g = 45906 - 20677. Is g composite?
False
Let z = 7 + -6. Let r(t) = 209*t**2 - 8*t + 3. Let j(h) = h. Let y(c) = 5*j(c) + r(c). Is y(z) a prime number?
False
Let w be (-35)/(-15) + (-3)/9. Suppose w*c = -9*c + 66341. Is c a composite number?
True
Let o be (-4 - 2468)/((-45)/30). Suppose 5*y + 4045 = -0*y. Let c = y + o. Is c a prime number?
True
Let p = 170 + 160. Let b be 0 + ((-18160)/16)/5. Let o = b + p. Is o a prime number?
True
Let z be (((-32)/(-12))/2)/((-4)/(-6)). Suppose -z*b + 1211 = -b - 4*w, 5*b + w = 6034. Is b prime?
False
Let c(n) = 26774*n**2 - 101*n - 104. Is c(-1) composite?
True
Suppose 5*f - 3*n = 11, -3*n + 0 - 9 = -3*f. Let h(y) = 3081*y**2 - 6*y + 4. Is h(f) prime?
True
Let r = 58 + -59. Let l = r + 3. Is (-1)/l*(-2 + 8) - -320 prime?
True
Let d be ((-12)/14)/(3/(-21)). Let s(m) = 44*m + 1320. Let t be s(-30). Suppose -5*g = 2*b - 2516, -g - d*b + 4*b + 508 = t. Is g a prime number?
False
Let f(d) = 3*d**2 - 4*d + 4. Let b be f(2). Is 11345/b + (-24)/192 a prime number?
False
Suppose -49*r + 37*r = -2282916. Is r a prime number?
True
Let i be (16 - 1) + 4/(-2). Suppose 9*q - i = 50. Suppose -q*f + 4837 = -3906. Is f prime?
True
Let r(p) = -p**2 - 8*p + 21. Let b(a) = a - 1. Let d(v) = 4*b(v) + r(v). Let h be d(-7). Is (-419)/((-4)/(h + 8)) prime?
True
Let b(f) = -76*f + 769. Let k be b(10). Let d(h) = -4*h. Let t be d(1). Is (1943 - k)/(t/(-10)) prime?
False
Suppose -4*j = -2*r + r - 77, 5*j + 3*r = 109. Suppose -5*v = -j, -4*p + 65833 + 47907 = -2*v. Is p a composite number?
True
Let m(x) = 3*x + 18. Let b(t) = 1. Let o(w) = 18*b(w) - m(w). Let c be o(-1). Suppose 2348 = 3*f - c*l - 1414, -5*f = 5*l - 6320. Is f prime?
True
Suppose -2*n = v - 458898, 50*v = -2*n + 45*v + 458882. Is n composite?
True
Suppose 0*n = -n - 36. Let s = -36 - n. Suppose 1634 = r + f, -5*f - 15 + s = 0. Is r a prime number?
True
Let s(g) = 481*g - 45. Let d(q) = -q**3 - 8*q**2 - 13*q + 2. Let r(w) = -3*w + 36. Let j be r(14). Let h be d(j). Is s(h) a prime number?
True
Let m be (-10)/(-3) - 9/(135/(-10)). Suppose -2*k = 2*z - 1762, -3176 = -m*k + z + 353. Let s = k + 625. Is s composite?
True
Suppose 0 = -374*i + 14060880 + 198547274. Is i a prime number?
True
Suppose 9072 + 391314 = 6*q. Is q a prime number?
False
Let v = -31 + 34. Suppose -4*y = -7*y + v. Is 2 - 1 - ((-2)/y + -716) a composite number?
False
Is 0/(5 + (-12)/4) + 31013 composite?
False
Is 1*(-24)/(-16)*269936/24 prime?
True
Suppose 4*b - 27 = -5*n, 6*b - 3*n = 5*b - 6. Is 2 + 0 - 287*(b - 6) prime?
True
Let a = 6 + -2. Suppose -60607 = -a*d - 13883. Suppose -8*l + d + 2247 = 0. Is l a prime number?
True
Let m be (620/(-50))/(22/(-5) - -4). Suppose -l - 623490 = -m*l. Is l a prime number?
False
Suppose 55567 = t + 3*s, -1091*t + 1086*t + 277903 = -2*s. Is t a composite number?
False
Suppose -26*w - 15*w - 15187546 = -63*w. Is w a composite number?
True
Is (-23178)/(-8)*(12 - (3 - (-253)/33)) a composite number?
False
Suppose -1589697 = -10*i - 572962 + 1725395. Is i prime?
True
Let u be (2 - -1)/(-12 + 13). Suppose 6*c - 5787 = u*c + 5*b, 3883 = 2*c + 5*b. Is c a prime number?
False
Suppose -8 = 4*u + q - 70, -4*q + 68 = 4*u. Let y be u/(-35) + 31986/(-42). Is (9 - y)/(1/1) composite?
True
Let k = -466 + -562. Is k*7/(-112)*116 a prime number?
False
Let y = 602496 - 353479. Is y prime?
True
Suppose 4*a - a - 2772 = 0. Let t = a - -2159. Is t a composite number?
False
Let v(y) = 148*y + 1689. Is v(-8) a prime number?
False
Suppose 25 = 2*h - 7*h. Let v(l) = -93 - 207*l + 198 - 97. Is v(h) a prime number?
False
Let g = 3709 + 5102. Suppose g = 13*x - 4*x. Is x composite?
True
Suppose q - 4*g = 2175, -2*g = -18*q + 23*q - 10831. Is q prime?
False
Let l = 1050 + -566. Let y be 13*1/(4/44). Let f = l - y. Is f a composite number?
True
Let o be 963/(-6)*(-26)/3. Let u(j) = 4*j + 1050. Let s be u(-73). Let p = s + o. Is p prime?
False
Suppose 7*v - 11*v + 4*s + 340296 = 0, -85067 = -v + 2*s. Is v a prime number?
True
Let j(r) = r**3 - 5*r**2 - 21*r - 19. Let d be j(8). Let k(a) = 475*a**2 - 5*a + 13. Is k(d) composite?
False
Suppose 276544 = a - 3*b, -3*b = -87*a + 89*a - 553133. Is a prime?
False
Let g = 14 - 10. Suppose 2*w = g*w - 10, -5*o - 5 = w. Is o/3*(-753)/2 prime?
True
Let y = 660 + -660. Is (y/6 - -32036)*(-40)/(-32) a composite number?
True
Let m = -6930 - -9832. Suppose 0 = -4*n + 44898 - m. Is n a composite number?
False
Suppose 5229826 + 2349086 = 96*m. Is m prime?
False
Suppose -22*c = -598630 - 13148789 - 1545155. Is c composite?
False
Suppose -141244 = -5*k + 2*r, -10*k - 5*r + 28265 = -9*k. Suppose 18*t = k + 59644. Is t composite?
True
Suppose -3220*r - 3737139 = -3241*r. Is r composite?
True
Suppose -6*o - 3 = -15. Let q(l) = -4*l + 12*l**o - 1 - 2*l + 5*l - l. Is q(6) a prime number?
True
Suppose -12*a = 62 - 230. Suppose 0*o - a = -7*o. Is -3 + o + (-1 + 3989 - 4) prime?
False
Let p(f) = 47*f - 237. Let b be p(5). Is (b - 0 - -30355)*1 composite?
True
Suppose 6544 + 1201 = 10*m - 125. Is m a prime number?
True
Let k(q) = -q**2 - 18*q + 40. Let s be k(-19). Suppose -3*i = -4*x, 3*i + 0*i - 9 = x. Is 12/(-42) - ((-66132)/s)/i a composite number?
False
Let y(u) = 128*u**2 - 3. Let n = -56 + 59. Suppose 0 = 2*x - d - 5, -n*x = -2*x + 4*d + 2. Is y(x) composite?
False
Is (-17101)/(-3) - 82/(-123) composite?
False
Let g(l) = 107*l + 1151. Is g(138) prime?
False
Let m be ((-2370)/9)/((3 + 0)/(-9)). Let u = m + -145. Suppose 1490 = 4*i + 3*y, -4*i - u = -2*y - 2125. Is i prime?
False
Suppose -3*f - 3*a = -108561, 5*a = 4*f + a - 144700. Is f prime?
False
Let v be 10/2*93/5. Suppose 3*x - 84 = -v. Let z(f) = 5*f**2 + 7*f + 7. Is z(x) a prime number?
True
Suppose 3*b + 4*j - 40 = 0, 5*j - 47 = -4*b + 6*j. Suppose 0 = -10*u + b*u - 5878. Is u a prime number?
True
Let k(f) = 126*f**2 - 3*f +